 remainder when 195 is divided by ((-2)/(8/47))/((-91)/728).
7
Let n = -62 + 58. Calculate the remainder when (-4 - (3 + n + -2))*-27 is divided by 15.
12
Let z be -5 - (4 + (-1 - -1)). Calculate the remainder when 201 is divided by 0 + 200/6 + (-6)/z.
31
Let b(i) = -4 - 7*i - i**3 - 7*i**2 - 1 - 2*i. Let x = -198 + 192. Calculate the remainder when b(x) is divided by 8.
5
What is the remainder when (-191)/(-3) - 1*8/(-24) is divided by 6?
4
Suppose 8*r + 5*s + 290 = 13*r, -5*r = 2*s - 318. Let o = -6 + 22. What is the remainder when r is divided by o?
14
Suppose -97*a - 270 = -106*a. What is the remainder when 166 is divided by a?
16
Let o(k) = 9*k - 5. Let w(q) = -1. Let y(p) = -o(p) + 6*w(p). Let l = 1 + -5. Calculate the remainder when y(l) is divided by 9.
8
Let f = -30 - -31. Suppose 2*n - 6 = -5*u, 5*n + 11 = f. Suppose -2*b + 38 = 2*b + 5*s, 3 = -b + 5*s. What is the remainder when b is divided by u?
1
Let k = -2 - -12. Let c = k + -20. Let d = c - -26. What is the remainder when 30 is divided by d?
14
Suppose 24*w - 18*w - 198 = 0. What is the remainder when 163 is divided by w?
31
Suppose 9*w - 12 = 3*w. Suppose -w*m = -6*m + 20. Suppose 2*y + m*z = 26, 4*y + 2*z = 7*z + 82. Calculate the remainder when y is divided by 3.
0
Let c(a) = a**2 + 2*a - 17. Let f be c(-6). Suppose -2*p - f*p + 234 = 0. What is the remainder when p is divided by 15?
11
Suppose -5*c = 3*j + 2*j - 70, -3*c = -4*j - 7. Suppose 2*t = -4*x + 154, t - c = -4*x + 144. What is the remainder when x is divided by 13?
12
Let s = 0 + -9. Calculate the remainder when 1058/18 - 2/s is divided by 13.
7
Suppose -5*t + 57 = -103. Suppose 0 = -4*f - 2*r + 646, 1 = -3*r + 16. Calculate the remainder when f is divided by t.
31
Let b = -6 - -14. Suppose -23 + b = -3*w. What is the remainder when -2 + ((-45)/(-12))/(12/32) is divided by w?
3
Let o(l) be the first derivative of 7*l**2/2 - 11*l - 6. What is the remainder when 49 is divided by o(4)?
15
What is the remainder when 49 is divided by ((-5)/(-2) + 0)*(-4 + 10)?
4
Let u = -145 - -177. Calculate the remainder when 92 is divided by u.
28
Let t = 30 - 28. Suppose 6*q - 676 = t*q. Let x = q - 112. What is the remainder when x is divided by 20?
17
Let q = 49 + -30. Calculate the remainder when 62 is divided by q.
5
Let z(h) = -h**2 - 10*h - 31. Let d be z(-7). What is the remainder when 31 is divided by ((-4)/d)/(4/120)?
7
Suppose -2*z - u = -136, 0*u = 2*z - u - 140. Let g = 4 + 8. Calculate the remainder when z is divided by g.
9
Suppose -2*k = 2*k - 8. Suppose k*n = -0*n + 24. Let g = -4 + 51. Calculate the remainder when g is divided by n.
11
Let g = -70 + 90. What is the remainder when 70 is divided by g?
10
Suppose -100 = -0*i - 5*i. Let s(m) be the first derivative of 5*m**3/3 - m**2 + 7*m + 2. What is the remainder when s(4) is divided by i?
19
Let y be ((-16)/2)/(3/(-6)). Let l = -13 + y. Suppose 0 = -4*v - l*t + 27, -3*t = -3*v - t + 16. Calculate the remainder when 11 is divided by v.
5
Let x(n) = -n**2 - 15*n + 25. Let c be x(-17). Let q = c + 29. Calculate the remainder when 57 is divided by q.
17
Calculate the remainder when 1258 is divided by (14063/14)/(-41)*2/(-7).
5
Let y(k) = 65*k**3 - k + 1. Let s = 37 - 34. Suppose 0 = s*m - 11*m + 272. Calculate the remainder when y(1) is divided by m.
31
Suppose 0 - 2 = -f. Let u(x) = -x**2 + 22*x - 68. Calculate the remainder when u(4) is divided by f.
0
Let s(r) = -28*r - 113. What is the remainder when s(-25) is divided by 42?
41
Let i = -8 - -1. What is the remainder when (-12)/(-42) + (-320)/i is divided by 15 - 5/(-2)*56/70?
12
Let r(v) be the second derivative of -v**4/12 - 10*v**3/3 - 21*v**2/2 - 25*v. What is the remainder when r(-18) is divided by 4?
3
Suppose -5*l = 3*s - 99, -3*s + 3*l + 132 = s. What is the remainder when 78 is divided by (220/s)/((-1)/(-3))?
18
Let m(b) = b - 5. Let w be m(9). Suppose -4*f = -w*t - 140, 5*t - 76 = 4*f - 248. Let u = -28 - t. Calculate the remainder when 14 is divided by u.
2
Let l(u) = 29*u**2 + u + 23. Calculate the remainder when l(-4) is divided by 44.
43
Suppose 16 = -2*y + 6*y. Suppose 3 - 12 = -3*b. Suppose y*u - 117 = 2*u + b*i, 105 = 2*u + i. What is the remainder when u is divided by 19?
16
Suppose -3 = 4*l - 5*l. Calculate the remainder when (-644)/(-35) + (l - 51/15) is divided by 13.
5
Calculate the remainder when (-63)/(-189)*(-129)/(-1) is divided by (-189)/(-12) - (-3)/12.
11
Suppose -8 + 3 = 5*l. What is the remainder when 68 is divided by l*(-3)/((-3)/(-23))?
22
Let d = 956 - 880. Calculate the remainder when d is divided by 16.
12
Let m = -47 + 795. Calculate the remainder when m is divided by 47.
43
Let l(z) = -141*z + 12. Let j be l(-5). Suppose 4*f - 99 - j = 0. Suppose 2*k = 5*k - f. Calculate the remainder when k is divided by 24.
20
Let r(m) = 3*m**3 - 2*m - 1. Calculate the remainder when 67 is divided by r(2).
10
Let b be 5 - (9/(-3) + 3). Let h(r) = -2*r**3 + 10*r**2 + r - 3. What is the remainder when 4 is divided by h(b)?
0
Let g = 12 + 11. Let k = -97 - -186. Calculate the remainder when k is divided by g.
20
Let l = 22 + -14. Let p be 4/(-10) - ((-272)/5 - -6). Suppose -2*f - 2*f + p = 0. What is the remainder when f is divided by l?
4
Let y = -10 + 73. Suppose -y = 4*i + 3*u - 199, 5*i - 2*u - 193 = 0. Suppose 17 = 2*f - a, 0 = f + 2*a - 13 - 3. What is the remainder when i is divided by f?
7
Suppose c = -5*h + 209, -11*h - 5*c = -7*h - 184. What is the remainder when h is divided by 31?
10
Suppose 0 = 4*l - 2*f - 61 - 49, -3*l = -5*f - 86. What is the remainder when l is divided by -4 - 102/(-9) - (-10)/(-30)?
6
Suppose 1113 = 38*q - 1509. Calculate the remainder when 758 is divided by q.
68
Suppose -3*o - 2*g + 60 = -25, -2*o + 63 = -5*g. Let l(b) = -10*b + 2. What is the remainder when l(-8) is divided by o?
24
Let d(t) = 6*t - 2. Let x(a) = 85*a + 1. What is the remainder when x(1) is divided by d(4)?
20
Let y(o) = -5*o - 6. Let p be -1 - (-3 + 1) - 30/3. What is the remainder when y(-5) is divided by (p/6)/(6/(-48))?
7
Let s = -1 - -26. Suppose 48 + s = n. What is the remainder when n is divided by 19?
16
Suppose -134 = 5*c + 3*j - 636, -c - 2*j + 99 = 0. What is the remainder when 399 is divided by c?
96
Suppose 3*n = 12, 188 + 132 = 3*h + 5*n. What is the remainder when h is divided by 37?
26
Let z be (-2)/(-4) - (-9)/(-6). What is the remainder when 14 is divided by 9 - 5 - z/1?
4
Suppose 0 = -6*q + 13*q - 63. Suppose 0 + 6 = 3*s. Calculate the remainder when q is divided by s.
1
Suppose 11 = 5*c - 69. Suppose -3*g = 5*n - 36, -2*n = -g - 5*n + c. Suppose -3*a - 4 = -3*f - 28, 0 = -5*a - 3*f. What is the remainder when g is divided by a?
1
Let d = 24 - 6. Suppose 0 = 7*b - 112 - 126. What is the remainder when b is divided by d?
16
Calculate the remainder when 326 is divided by (-44 - -112) + (-1 - 1).
62
Let q(c) = c**2 + 2*c - 46. What is the remainder when q(-22) is divided by 103?
85
Suppose -2*l + 20 = 88. Let x = 43 + l. What is the remainder when 53 is divided by x?
8
Suppose -24 = 3*a - 5*b, 8*a - 3*a - 4*b + 53 = 0. Let q = a + 24. What is the remainder when 64 is divided by q?
9
Let o be -1*141/6*-2. Suppose -2*t = -o - 33. What is the remainder when t is divided by (-1)/3 + 86/6?
12
Calculate the remainder when 134 is divided by ((-1)/(-2) - (-9)/(-6))*-14.
8
Suppose 0 = 7*o - 2*o + 2*q - 202, 3*o - 117 = 3*q. Calculate the remainder when o is divided by 28.
12
Let m = -19 + 22. Suppose 0 = m*n - 2*n - 23. Calculate the remainder when n is divided by 7.
2
Let n(m) = m**3 + 24*m**2 + 40*m - 36. Calculate the remainder when n(-22) is divided by 24.
4
Let m = -55 + 61. What is the remainder when 39 is divided by m?
3
Let g = -9 + 10. Let p be (7/(-14))/(g/2). Calculate the remainder when -2*p/(-2)*-18 is divided by 5.
3
Suppose -7 = -5*r - 3*l, 5*r - 15 = 3*l + 2*l. Calculate the remainder when r + (3 - 2) + 12 is divided by 9.
6
Let z(r) = 4*r**2 + 2*r + 2. Suppose -2*k = -5*s + 43, 2*s + k - 10 = -0*k. Let l be (-4)/14 - 19/s. Calculate the remainder when 94 is divided by z(l).
30
Suppose 4*c - 9 = 7. Suppose 0 = -c*y + h + 119, -y - 2*h = -42 + 1. Let l = -3 + 11. Calculate the remainder when y is divided by l.
7
Let d = 10 - 0. What is the remainder when (-62)/(-4)*1 